e factors of 34469209.
61, 565069
List the prime factors of 96915558.
2, 3, 16152593
List the prime factors of 351233656.
2, 43904207
List the prime factors of 4561649854.
2, 443, 5148589
What are the prime factors of 630504591?
3, 5333, 39409
What are the prime factors of 28124008?
2, 11, 319591
What are the prime factors of 819058440?
2, 3, 5, 31, 220177
List the prime factors of 47326310.
2, 5, 1193, 3967
List the prime factors of 61173093.
3, 29, 703139
List the prime factors of 1823446350.
2, 3, 5, 11, 17, 31, 233
What are the prime factors of 632305758?
2, 3, 7, 47, 320317
What are the prime factors of 1491050115?
3, 5, 33134447
List the prime factors of 433732831.
7, 79, 784327
List the prime factors of 2171092758.
2, 3, 3187, 113539
List the prime factors of 80337596.
2, 20084399
What are the prime factors of 113375412?
2, 3, 431, 7307
List the prime factors of 691378912.
2, 7, 73, 42281
What are the prime factors of 139052327?
37, 463, 8117
What are the prime factors of 2323146327?
3, 487, 1590107
What are the prime factors of 19313866?
2, 11, 13, 67531
What are the prime factors of 326576723?
11, 31, 957703
List the prime factors of 676833088.
2, 29, 47, 7759
What are the prime factors of 1038972130?
2, 5, 7, 31, 47, 61, 167
List the prime factors of 23501052.
2, 3, 107, 6101
List the prime factors of 376874865.
3, 5, 29, 107, 2699
What are the prime factors of 64648986?
2, 3, 10774831
What are the prime factors of 155307678?
2, 3, 25884613
List the prime factors of 230444591.
13, 829, 21383
What are the prime factors of 177399948?
2, 3, 11, 41, 32779
What are the prime factors of 21846969?
3, 809147
What are the prime factors of 119295152?
2, 7455947
What are the prime factors of 31094429?
31094429
What are the prime factors of 33074259?
3, 11024753
What are the prime factors of 753842842?
2, 13907, 27103
List the prime factors of 30240333.
3, 3360037
List the prime factors of 3471980271.
3, 1157326757
List the prime factors of 61251855.
3, 5, 7, 583351
What are the prime factors of 145217753?
145217753
List the prime factors of 68790692.
2, 349, 49277
List the prime factors of 74157119.
74157119
List the prime factors of 1712643417.
3, 190293713
List the prime factors of 1739636121.
3, 97, 5978131
List the prime factors of 431176901.
29, 3491, 4259
What are the prime factors of 1570186086?
2, 3, 7, 762967
What are the prime factors of 29966182?
2, 14983091
List the prime factors of 5286647714.
2, 2643323857
List the prime factors of 1289916645.
3, 5, 47, 757, 2417
List the prime factors of 5938623462.
2, 3, 989770577
List the prime factors of 333316245.
3, 5, 47, 71, 6659
What are the prime factors of 3273101399?
3273101399
List the prime factors of 774159833.
774159833
List the prime factors of 11404759.
59, 193301
List the prime factors of 389116596.
2, 3, 11, 2947853
What are the prime factors of 104317979?
739, 141161
What are the prime factors of 58596671?
7, 17, 492409
List the prime factors of 5310170829.
3, 1931, 305551
What are the prime factors of 89817405?
3, 5, 107, 523
List the prime factors of 31188146.
2, 11, 107, 13249
List the prime factors of 93049256.
2, 11631157
List the prime factors of 72207614.
2, 643, 56149
List the prime factors of 83293428.
2, 3, 6941119
List the prime factors of 285113881.
13, 83, 139, 1901
List the prime factors of 3387725522.
2, 23, 1103, 2903
List the prime factors of 172536943.
172536943
List the prime factors of 869734921.
11, 73, 1083107
List the prime factors of 325827677.
7, 59, 211, 3739
List the prime factors of 65943244.
2, 107, 154073
List the prime factors of 1309715756.
2, 193, 1696523
List the prime factors of 65141971.
3581, 18191
List the prime factors of 10885540.
2, 5, 544277
What are the prime factors of 1234222390?
2, 5, 4877, 25307
List the prime factors of 952040698.
2, 7, 17, 571453
What are the prime factors of 30383686?
2, 761, 19963
What are the prime factors of 384674815?
5, 7, 31, 354539
What are the prime factors of 14404755?
3, 5, 19, 50543
List the prime factors of 138443000.
2, 5, 167, 829
What are the prime factors of 1993929975?
3, 5, 8861911
List the prime factors of 33373659.
3, 11, 211, 4793
What are the prime factors of 38922486?
2, 3, 17, 23, 47, 353
What are the prime factors of 30154616?
2, 79, 47713
List the prime factors of 202363434.
2, 3, 7, 13, 37, 53
List the prime factors of 652527331.
643, 1014817
What are the prime factors of 95588710?
2, 5, 7, 373, 523
List the prime factors of 1452439919.
7, 47, 607, 1039
What are the prime factors of 1135099455?
3, 5, 7, 997, 1549
What are the prime factors of 68663171?
31, 2214941
List the prime factors of 1213819426.
2, 509, 1192357
List the prime factors of 2525614689.
3, 13, 241, 379, 709
List the prime factors of 388973285.
5, 77794657
List the prime factors of 115864719.
3, 4637, 8329
List the prime factors of 120272620.
2, 5, 13, 17, 27211
List the prime factors of 1428994527.
3, 476331509
What are the prime factors of 945742?
2, 7, 43, 1571
What are the prime factors of 168788317?
727, 232171
List the prime factors of 4595522420.
2, 5, 83, 113, 24499
List the prime factors of 44045533.
7, 47, 133877
List the prime factors of 29520857.
17, 37, 46933
List the prime factors of 76511711.
163, 469397
What are the prime factors of 39389881?
39389881
List the prime factors of 2529264480.
2, 3, 5, 163, 32327
What are the prime factors of 72309754?
2, 11, 3286807
List the prime factors of 2514397717.
13, 1601, 9293
What are the prime factors of 6593120?
2, 5, 89, 463
What are the prime factors of 13023457?
13023457
What are the prime factors of 52433567?
1031, 50857
List the prime factors of 104310672.
2, 3, 47, 46237
List the prime factors of 700544581.
11, 5701, 11171
List the prime factors of 11220742.
2, 13, 431567
What are the prime factors of 3628809?
3, 191, 2111
List the prime factors of 89432800.
2, 5, 111791
What are the prime factors of 84314811?
3, 7, 1481, 2711
What are the prime factors of 234775942?
2, 117387971
What are the prime factors of 52061553?
3, 37, 79, 1979
List the prime factors of 236576132.
2, 13, 1117, 4073
List the prime factors of 417921226.
2, 19, 10997927
List the prime factors of 969270517.
969270517
List the prime factors of 43925012.
2, 457, 24029
List the prime factors of 36013057.
163, 220939
What are the prime factors of 1521967238?
2, 11, 127, 544727
List the prime factors of 1404201.
3, 468067
What are the prime factors of 485409688?
2, 7529, 8059
List the prime factors of 60328912.
2, 7, 538651
What are the prime factors of 22694437?
22694437
What are the prime factors of 1483780273?
29, 51164837
What are the prime factors of 2325159596?
2, 581289899
What are the prime factors of 285849488?
2, 47, 89, 4271
What are the prime factors of 868718320?
2, 5, 89, 122011
List the prime factors of 64078864.
2, 29, 138101
What are the prime factors of 320795551?
131, 2448821
List the prime factors of 20589799.
20589799
List the prime factors of 50234188.
2, 67, 187441
What are the prime factors of 2800996867?
2800996867
What are the prime factors of 962602864?
2, 47, 457, 2801
List the prime factors of 451925138.
2, 7, 658783
List the prime factors of 36903918.
2, 3, 6150653
What are the prime factors of 521760109?
13, 40135393
List the prime factors of 426986780.
2, 5, 11, 1940849
List the prime factors of 736954282.
2, 3539, 104119
List the prime factors of 410887054.
2, 109, 1884803
List the prime factors of 1268187336.
2, 3, 13, 1354901
What are the prime factors of 27330284?
2, 19, 43, 8363
What are the prime factors of 478686122?
2, 29, 79, 104471
List the prime factors of 67597033.
7, 137, 70487
List the prime factors of 1506420327.
3, 167, 3006827
What are the prime factors of 239975333?
13, 18459641
What are the prime factors of 8088882?
2, 3, 607, 2221
What are the prime factors of 75075496?
2, 23, 408019
What are the prime factors of 454660874?
2, 223, 613, 1663
List the prime factors of 1142566767.
3, 19, 6681677
List the prime factors of 76661733.
3, 43, 409, 1453
List the prime factors of 130510533.
3, 23, 1891457
List the prime factors of 999703050.
2, 3, 5, 19, 23, 101, 151
What are the prime factors of 2095936190?
2, 5, 197, 1063927
List the prime fa